30
Suppose -v - 4*v + 440 = 5*q, q - 4*v = 103. Suppose 116*n = 112*n + 408. Suppose 6*j + 24 = n. What is the greatest common factor of q and j?
13
Suppose 2*g = -2*g + 48. Suppose 7*c = g*c - 2015. Suppose -5*u + c - 103 = 0. Calculate the greatest common divisor of u and 12.
12
Suppose 2*j = -8, 3*j - 1597 - 791 = -4*v. What is the greatest common divisor of 408 and v?
24
Suppose -21*h = -93*h + 426024. What is the highest common factor of h and 122?
61
Let j = 15 + -6. Suppose 4*l - 2*t = 320, 0 = 107*l - 102*l - t - 403. Calculate the highest common divisor of j and l.
9
Let w = 85 + -82. Let z(n) = 140*n - 138*n - n**w - n**2 + 10 + 7*n**2. Let h be z(5). What is the highest common divisor of h and 27?
9
Let o be (-6099)/(-76) + 24/32. Calculate the highest common factor of o and 19089.
27
Let w be (14 - -3) + 0/(-1). Suppose w = 5*r - 8. Suppose -r*i + 2*b = -4*i - 21, -5*b = 20. Calculate the greatest common factor of i and 26.
13
Suppose -2*r + 4*p - 4 + 16 = 0, 5*r + p = -25. Let o be -1 + 1 + (82 + r)/2. Let h be ((-130)/(-25))/(1/5). Calculate the highest common factor of o and h.
13
Suppose f - 4 = -f. Let x(n) = 66*n - 131. Let y(l) = 36*l - 65. Let j(d) = -5*x(d) + 9*y(d). Let z be j(11). Calculate the highest common factor of z and f.
2
Suppose 21*v = -10*v - 5*v + 1152. Calculate the greatest common factor of 664 and v.
8
Let d = -17624 + 17804. Calculate the greatest common divisor of 18990 and d.
90
Let k(a) = 16*a**2 + 2*a - 1. Let u be k(2). Let b = 12937 + -12267. Calculate the highest common divisor of b and u.
67
Let c = -29389 + 29477. Suppose -2*s - 2*s - 24 = -r, -2*r + 3*s + 28 = 0. What is the highest common divisor of r and c?
8
Suppose -9*h + 0*h + 0*h + 21609 = 0. Calculate the highest common divisor of h and 49.
49
Let m(h) = 20*h**2 + 3*h + 10. Suppose 5*u - 23 = -3*x, 28 - 7 = 4*u + 5*x. Let k be m(u). Calculate the highest common factor of 18 and k.
18
Let a be -2*(-6)/(-3) - -12. Suppose -a*g = 8*g - 640. Let t(y) = -y**2 + 9*y + 8. Let m be t(9). What is the greatest common factor of m and g?
8
Let s = 138 - 156. Let i be (s/21)/(27/(-126))*33. What is the greatest common divisor of i and 99?
33
Suppose 33*b = 5693 + 693 + 1237. What is the greatest common factor of b and 33?
33
Let v(y) = y. Let m be v(0). Suppose -4*t + 4*n + 220 = m, 0 = 5*n + 15 - 40. Calculate the highest common divisor of t and 9.
3
Let r = 12992 - 12982. Let m(y) = -4*y**3 - 5*y**2 + 3*y + 10. Let t be m(-5). Calculate the greatest common divisor of t and r.
10
Suppose 24*j + 90 = 34*j. Let m(k) = -k**3 + 19*k**2 - 74*k - 1. Let l be m(j). Calculate the highest common factor of l and 39.
13
Suppose t + 395 = s, 795 = -11*s + 13*s - 3*t. Calculate the highest common divisor of 24 and s.
6
Let w(s) = 15*s**2 + s + 1. Let y be w(-3). Let h = y - 131. What is the greatest common factor of h and 7?
1
Let b be (4/8)/(3/54). Let f(x) = -8*x + x + b*x**2 + 7*x**2 - 16 - 15*x**2. Let c be f(11). What is the greatest common factor of 21 and c?
7
Let r = 262 + -266. Let l = r + 30. What is the highest common divisor of 91 and l?
13
Let k(c) = 2*c**3 - c**2 - 3*c - 14. Let m be 2/(-6)*207/(-23) - 0. Let j be k(m). What is the highest common factor of j and 2?
2
Let v(p) = p**3 + 18*p**2 + 18*p - 38. Let m be v(-6). Let q(f) = -f**3 - 4*f**2 - 8*f - 10. Let j be q(-4). Calculate the greatest common divisor of m and j.
22
Suppose -3061 + 692 = -103*b. Calculate the highest common divisor of b and 13616.
23
Let k be (-30)/50*5/(-1). Calculate the greatest common factor of k and 7113.
3
Let g(l) = -5*l**2 + 358*l + 69. Let y be g(67). What is the highest common divisor of 280 and y?
70
Suppose -z + 40 = 4*z - 5*q, 6 = z - 3*q. Let a(x) = -22*x - 65. Let y be a(-5). Calculate the greatest common factor of y and z.
9
Suppose 18*f + 43*f = 7441 + 733. Suppose -3*m + 1675 = 2*m. What is the greatest common divisor of f and m?
67
Let z(g) = -149*g + 9. Let a be z(-3). Calculate the highest common factor of 120 and a.
24
Suppose 319 - 22662 = -3*i + j, 10 = -5*j. What is the highest common factor of 55 and i?
11
Let v = -1 - -6. Suppose 3*x - 48 = 3*y, -88 = -v*x + 3*y - 6*y. Suppose -x = 5*l - 62. What is the highest common divisor of l and 9?
9
Let i(f) = -83*f + 8349. Let m be i(99). What is the highest common divisor of m and 44484?
132
Suppose 0 = 5*a + 3*i - 216, 51*a + 200 = 56*a - 5*i. Calculate the highest common factor of 54 and a.
6
Suppose -2*f - 5*a + 37 = 0, 15 = -3*f + 5*a + 108. Let r = 406 - 185. Calculate the highest common factor of r and f.
13
Let b(p) = -2*p**3 - 12*p**2 + 10*p + 1. Let w be b(-12). Suppose -4*g + 10*l = 5*l - w, 3*l = 5*g - 1995. What is the highest common divisor of g and 44?
44
Let x(i) = 72*i**3 + 4*i - 1. Let f be x(2). Suppose -5*p - 2*u = -261, 8*u = 3*p + 3*u - 169. What is the greatest common factor of p and f?
53
Let s(p) = 45*p**2 - 1. Let q be s(-2). Let x be q + -5 - (-4)/12*3. Calculate the highest common factor of x and 50.
25
Let k be 132 - 12/10*(-15)/(-6). Let c = 214 - k. Calculate the highest common factor of c and 17.
17
Suppose 0 = 9*j - 166 + 4. Let n = j - 25. Let c(v) = v**2 + 4*v - 8. Let p be c(n). What is the greatest common divisor of p and 26?
13
Let t(y) = -221*y - 2332. Let p be t(-17). Calculate the greatest common divisor of p and 38.
19
Let i = 6006 + -5303. What is the highest common divisor of 37 and i?
37
Suppose -5*o + 50 = 5*o. Suppose 335 = o*d + 5*j, 5*j + 44 = d - 29. What is the highest common divisor of d and 170?
34
Suppose -2*h + 1005 = 5*o, 118 = h + 123. Calculate the highest common factor of 1450 and o.
29
Suppose -39 - 207 = -g + 6*r, -r = 4*g - 1109. Let w = -253 + g. Let c(f) = 22*f + 5. Let n be c(5). What is the highest common factor of n and w?
23
Let p be -15 + (-2130)/(-40) + 2/(-8). Let x = -260 + 526. What is the greatest common factor of x and p?
38
Let s be (36/54)/(-2 + 0 - 175/(-84)). What is the highest common factor of 452 and s?
4
Let c(d) = -25*d**3 - 5*d**2 + 7*d - 1. Let n be c(1). Let o be (-1 - (-2922)/9) + 16/n. What is the greatest common factor of o and 57?
19
Let d(f) = f**2 + 14*f - 2. Let i be d(-14). Let q be i/(-15) - (-8392)/60. What is the greatest common factor of 10 and q?
10
Let d be (150/120)/(((-13)/(-560))/13). What is the highest common factor of d and 245?
35
Let t = 16978 - 16096. What is the highest common factor of t and 198?
18
Let o be 15/(-1)*((-880)/50 - (-324)/27). Calculate the greatest common factor of o and 948.
12
Suppose 5*r - 615 = -5*q, -2*r - 3 = 5. Let w = q + -113. What is the highest common divisor of 7 and w?
7
Suppose 9*a + 3*v - 6390 = 0, -4*a - 3*v - 1281 = -4121. Calculate the highest common divisor of a and 426.
142
Let h be 1*(-3)/(-12)*0. Suppose 2*p - 2 + h = 0. Suppose -f = p, 3*f = -5*l + 10 + 12. What is the greatest common factor of 2 and l?
1
Suppose 0 = 6*q + 5235 - 981. Let s = -566 - q. Calculate the greatest common divisor of 13 and s.
13
Let c be (-15)/((3/8)/(231/(-132))). Calculate the highest common divisor of c and 196.
14
Suppose 0*d - 176 = 4*d. Let v = -41 - d. Suppose 2*b - f + 4*f = 57, -v*b + f + 102 = 0. What is the greatest common factor of 3 and b?
3
Let l(c) = -3*c - 64. Let y be l(-22). Suppose -y*f + 4*h + 5 + 1 = 0, f = 4*h - 1. Calculate the highest common divisor of 119 and f.
7
Let o(t) be the first derivative of 19*t**2/2 + 22*t + 6. Let x be o(6). Suppose j + 40 = x. What is the greatest common divisor of 24 and j?
24
Let u = 2005 + -355. Calculate the greatest common factor of 12 and u.
6
Let h be (-51)/(-24) + (-1)/8. Let s(r) = 81*r**2 + 1 - r + h - 3. Let u be s(1). Calculate the highest common factor of u and 30.
10
Let v = -5354 + 8586. Calculate the greatest common factor of 8 and v.
8
Let i = 731 + -733. Let c be ((-52)/28 - i)*7 + 29. Calculate the greatest common factor of 6 and c.
6
Let d(a) = a**3 - 36*a**2 - 97*a + 24. Let z be d(41). What is the highest common divisor of 21 and z?
21
Suppose -7*t + 1150 = 3*o - 6*t, -o + t + 386 = 0. Suppose -45*r - j + o = -41*r, -5*j = 0. Calculate the highest common factor of 15 and r.
3
Suppose 49*t - 34*t = 75. Suppose -43 = -t*l + 2362. What is the greatest common divisor of l and 74?
37
Let a = -35 + 43. Let g(